2
What is the remainder when 164119 is divided by 7459?
21
Calculate the remainder when 211690 is divided by 105033.
1624
Calculate the remainder when 125787 is divided by 5700.
387
Calculate the remainder when 10983 is divided by 3498.
489
Calculate the remainder when 801720 is divided by 264206.
9102
Calculate the remainder when 4512 is divided by 776.
632
Calculate the remainder when 21908 is divided by 3983.
1993
What is the remainder when 1712940 is divided by 570908?
216
What is the remainder when 67813955 is divided by 4?
3
What is the remainder when 587547277 is divided by 3379?
3378
What is the remainder when 12846740 is divided by 51?
44
Calculate the remainder when 1135787 is divided by 4662.
2921
What is the remainder when 51978554 is divided by 2165772?
26
Calculate the remainder when 214710 is divided by 402.
42
Calculate the remainder when 641494 is divided by 4486.
4482
What is the remainder when 2954210 is divided by 31?
3
What is the remainder when 958276 is divided by 479118?
40
What is the remainder when 5837677 is divided by 391?
47
What is the remainder when 7124698 is divided by 169?
165
What is the remainder when 1897107 is divided by 7663?
4346
What is the remainder when 362224 is divided by 1676?
208
What is the remainder when 6584908 is divided by 3292299?
310
Calculate the remainder when 1093668 is divided by 744.
732
What is the remainder when 309072 is divided by 1995?
1842
Calculate the remainder when 13207713 is divided by 120.
33
Calculate the remainder when 88990 is divided by 354.
136
What is the remainder when 1085596 is divided by 180931?
10
What is the remainder when 287866 is divided by 1147?
1116
Calculate the remainder when 2366225 is divided by 579.
431
Calculate the remainder when 20700 is divided by 164.
36
Calculate the remainder when 3680892 is divided by 1062.
0
What is the remainder when 4060 is divided by 233?
99
What is the remainder when 264457 is divided by 3777?
67
What is the remainder when 4179595 is divided by 344?
339
What is the remainder when 23868 is divided by 2824?
1276
Calculate the remainder when 1913314 is divided by 22.
18
What is the remainder when 117331357 is divided by 80254?
9
Calculate the remainder when 1851403 is divided by 208.
203
What is the remainder when 531341 is divided by 75904?
13
Calculate the remainder when 129440 is divided by 1314.
668
What is the remainder when 25693158 is divided by 107?
104
Calculate the remainder when 183629426 is divided by 6388.
6366
What is the remainder when 128161995 is divided by 524?
503
What is the remainder when 55553417 is divided by 11?
7
Calculate the remainder when 380253439 is divided by 12.
7
What is the remainder when 149360 is divided by 74590?
180
Calculate the remainder when 259938 is divided by 8123.
2
Calculate the remainder when 17314148 is divided by 187.
5
What is the remainder when 316921 is divided by 19248?
8953
Calculate the remainder when 246027 is divided by 316.
179
Calculate the remainder when 4566744 is divided by 913347.
9
Calculate the remainder when 3405440 is divided by 462.
38
What is the remainder when 527101 is divided by 45?
16
Calculate the remainder when 1771792 is divided by 162.
160
Calculate the remainder when 886962 is divided by 185.
72
Calculate the remainder when 477844 is divided by 23.
19
Calculate the remainder when 967816 is divided by 1436.
1388
Calculate the remainder when 8672519 is divided by 1025.
1019
What is the remainder when 1432005 is divided by 8572?
481
Calculate the remainder when 298491 is divided by 3685.
6
Calculate the remainder when 13699228 is divided by 14558.
150
What is the remainder when 85958 is divided by 3582?
3572
Calculate the remainder when 25889179 is divided by 25889170.
9
What is the remainder when 265691254 is divided by 7294?
10
Calculate the remainder when 326108 is divided by 163026.
56
What is the remainder when 24866127 is divided by 2254?
2253
Calculate the remainder when 2738881 is divided by 9.
1
What is the remainder when 32501758 is divided by 8125438?
6
Calculate the remainder when 1124622 is divided by 15.
12
Calculate the remainder when 17105049 is divided by 87.
66
Calculate the remainder when 194323 is divided by 64378.
1189
Calculate the remainder when 14841839 is divided by 312.
311
Calculate the remainder when 20337 is divided by 9399.
1539
Calculate the remainder when 527817 is divided by 87946.
141
Calculate the remainder when 32588457 is divided by 3915.
3912
Calculate the remainder when 2427458 is divided by 160.
98
Calculate the remainder when 544347 is divided by 1582.
139
What is the remainder when 642665 is divided by 642583?
82
What is the remainder when 15307 is divided by 96?
43
What is the remainder when 4613548 is divided by 1153384?
12
What is the remainder when 36072 is divided by 2001?
54
What is the remainder when 69025149 is divided by 6275012?
17
Calculate the remainder when 213705 is divided by 6632.
1481
Calculate the remainder when 1244131 is divided by 59.
57
What is the remainder when 7591705 is divided by 583976?
17
What is the remainder when 126373 is divided by 17691?
2536
Calculate the remainder when 307914 is divided by 40.
34
What is the remainder when 14336573 is divided by 19?
9
What is the remainder when 107918 is divided by 5672?
150
What is the remainder when 216854 is divided by 1475?
29
Calculate the remainder when 394717 is divided by 111.
1
What is the remainder when 676061 is divided by 8?
5
What is the remainder when 13399316 is divided by 394096?
52
Calculate the remainder when 6717072 is divided by 927.
30
What is the remainder when 1657264831 is divided by 1072?
1071
Calculate the remainder when 195342 is divided by 587.
458
What is the remainder when 3207211 is divided by 641437?
26
What is the remainder when 62695767 is divided by 71?
69
Calculate the remainder when 170702 is divided by 14.
0
What is the remainder when 374950771 is divided by 671?
668
Calculate the remainder when 24506138 is divided by 6126530.
18
What is the remainder when 206559 is divided by 1776?
543
Calculate the remainder when 706900 is divided by 706898.
2
Calculate the remainder when 664187 is divided by 664049.
138
Calculate the remainder when 506856 is divided by 126701.
52
What is the remainder when 21536132 is divided by 155?
122
What is the remainder when 2256038 is divided by 12073?
10460
Calculate the remainder when 9991799 is divided by 587748.
83
What is the remainder when 4150038 is divided by 367?
2
What is the remainder when 5083644 is divided by 391041?
111
Calculate the remainder when 269869 is divided by 89865.
274
Calculate the remainder when 200386 is divided by 1855.
46
Calculate the remainder when 1123781 is divided by 2638.
2631
Calculate the remainder when 272389 is divided by 1036.
957
What is the remainder when 110456238 is divided by 108?
102
Calculate the remainder when 64282 is divided by 4941.
49
Calculate the remainder when 36532974 is divided by 132.
126
What is the remainder when 16005597 is divided by 520?
517
What is the remainder when 128201 is divided by 46?
45
Calculate the remainder when 699317 is divided by 174790.
157
Calculate the remainder when 988537 is divided by 10863.
4
Calculate the remainder when 17752685 is divided by 2805.
2645
What is the remainder when 34249 is divided by 16994?
261
Calculate the remainder when 4184017 is divided by 697.
623
Calculate the remainder when 13213695 is divided by 897.
885
Calculate the remainder when 70353214 is divided by 603.
601
What is the remainder when 30359 is divided by 9707?
1238
What is the remainder when 336484 is divided by 11602?
26
Calculate the remainder when 11753806 is divided by 470151.
31
Calculate the remainder when 1821756 is divided by 121450.
6
Calculate the remainder when 2969 is divided by 1882.
1087
Calculate the remainder when 2018218 is divided by 1120.
1098
What is the remainder when 11273634 is divided by 60?
54
What is the remainder when 1037883 is divided by 259466?
19
Calculate the remainder when 154123835 is divided by 68.
67
Calculate the remainder when 51107328 is divided by 3241.
3240
Calculate the remainder when 159535073 is divided by 154.
5
Calculate the remainder when 2089297 is divided by 7